he greatest common divisor of 448 and 574?
14
Calculate the highest common factor of 1458 and 54.
54
What is the greatest common divisor of 69 and 322?
23
What is the greatest common divisor of 10 and 70?
10
What is the highest common divisor of 66332 and 28?
28
What is the highest common factor of 39 and 247?
13
Calculate the highest common factor of 190 and 1748.
38
Calculate the greatest common factor of 120 and 380.
20
Calculate the greatest common factor of 1944 and 8.
8
What is the greatest common factor of 1025 and 2009?
41
Calculate the greatest common factor of 3608 and 264.
88
What is the greatest common factor of 46 and 322?
46
What is the highest common divisor of 4 and 378?
2
Calculate the greatest common factor of 585 and 130.
65
What is the greatest common factor of 130 and 715?
65
Calculate the greatest common factor of 9 and 1503.
9
What is the highest common factor of 99 and 110?
11
What is the highest common factor of 990 and 1810?
10
What is the greatest common divisor of 2142 and 210?
42
What is the greatest common factor of 164 and 764?
4
What is the greatest common divisor of 737 and 11?
11
What is the highest common factor of 492 and 5084?
164
Calculate the highest common divisor of 609 and 87.
87
What is the highest common factor of 91 and 1469?
13
Calculate the highest common factor of 5592 and 96.
24
What is the highest common factor of 826 and 11151?
413
What is the highest common divisor of 325 and 13?
13
Calculate the greatest common divisor of 26 and 2106.
26
What is the greatest common divisor of 810 and 27?
27
Calculate the greatest common factor of 16 and 154.
2
Calculate the highest common factor of 168 and 1806.
42
What is the greatest common factor of 33 and 671?
11
Calculate the highest common factor of 36 and 616.
4
What is the greatest common divisor of 9548 and 1540?
308
Calculate the highest common factor of 69329 and 13.
13
What is the highest common divisor of 64 and 256?
64
Calculate the highest common divisor of 63 and 27.
9
What is the highest common factor of 30 and 10590?
30
Calculate the highest common divisor of 280 and 23240.
280
What is the greatest common factor of 21 and 21?
21
Calculate the highest common divisor of 104 and 299.
13
What is the greatest common factor of 365 and 10?
5
What is the highest common divisor of 2171 and 13?
13
Calculate the greatest common factor of 9 and 7794.
9
What is the highest common factor of 4135 and 5?
5
What is the greatest common factor of 41 and 533?
41
Calculate the highest common factor of 37 and 999.
37
Calculate the greatest common divisor of 177 and 4897.
59
What is the greatest common divisor of 3706 and 272?
34
Calculate the highest common divisor of 3082 and 46.
46
What is the highest common factor of 558 and 36?
18
Calculate the highest common factor of 510 and 306.
102
What is the greatest common divisor of 5694 and 78?
78
Calculate the highest common divisor of 145 and 15.
5
Calculate the greatest common divisor of 9 and 9846.
9
What is the greatest common divisor of 247 and 13?
13
What is the highest common divisor of 7 and 791?
7
Calculate the highest common divisor of 25 and 425.
25
What is the highest common factor of 38 and 95?
19
What is the highest common factor of 60 and 12?
12
Calculate the highest common factor of 166 and 2.
2
What is the highest common factor of 12 and 1956?
12
Calculate the highest common factor of 14 and 448.
14
Calculate the highest common factor of 128 and 72.
8
Calculate the highest common factor of 51 and 57.
3
Calculate the highest common divisor of 23841 and 54.
27
Calculate the greatest common factor of 1845 and 63.
9
Calculate the greatest common divisor of 36 and 492.
12
What is the highest common factor of 451 and 164?
41
Calculate the highest common divisor of 14 and 2618.
14
What is the greatest common factor of 122 and 15494?
122
Calculate the highest common factor of 819 and 252.
63
What is the highest common divisor of 3 and 55?
1
Calculate the greatest common factor of 95 and 35.
5
Calculate the greatest common divisor of 4 and 2428.
4
What is the highest common divisor of 1190 and 102?
34
Calculate the greatest common factor of 180 and 90.
90
What is the greatest common factor of 1440 and 624?
48
What is the greatest common factor of 28 and 35?
7
What is the greatest common divisor of 423 and 94?
47
Calculate the highest common divisor of 161 and 3059.
161
Calculate the greatest common factor of 400 and 40.
40
Calculate the highest common divisor of 140 and 2275.
35
What is the highest common divisor of 15 and 49?
1
Calculate the greatest common factor of 90 and 27.
9
What is the greatest common divisor of 756 and 28?
28
Calculate the highest common factor of 1744 and 545.
109
Calculate the greatest common factor of 39 and 416.
13
Calculate the highest common factor of 253 and 187.
11
Calculate the highest common divisor of 12 and 372.
12
What is the greatest common divisor of 12404 and 28?
28
What is the greatest common divisor of 156 and 96?
12
Calculate the highest common divisor of 2387 and 8525.
341
What is the greatest common divisor of 737 and 11?
11
What is the highest common factor of 245 and 70?
35
Calculate the greatest common factor of 203 and 91.
7
Calculate the greatest common factor of 1001 and 11.
11
Calculate the highest common factor of 61 and 10126.
61
Calculate the highest common divisor of 77 and 3718.
11
What is the greatest common factor of 57 and 13?
1
Calculate the highest common divisor of 39 and 156.
39
What is the highest common divisor of 428 and 2461?
107
Calculate the greatest common divisor of 40 and 260.
20
What is the greatest common divisor of 710 and 320?
10
What is the highest common factor of 858 and 26?
26
What is the highest common divisor of 333 and 148?
37
What is the highest common divisor of 96 and 408?
24
Calculate the highest common divisor of 70 and 2345.
35
Calculate the greatest common factor of 468 and 18.
18
Calculate the highest common factor of 648 and 81.
81
What is the highest common factor of 544 and 17?
17
What is the greatest common factor of 10 and 242?
2
What is the highest common divisor of 252 and 18732?
84
What is the greatest common factor of 1353 and 41?
41
What is the greatest common divisor of 655 and 25?
5
Calculate the highest common divisor of 88 and 216.
8
Calculate the highest common factor of 29 and 377.
29
Calculate the greatest common divisor of 56 and 38808.
56
Calculate the greatest common factor of 520 and 80.
40
Calculate the highest common factor of 106 and 795.
53
Calculate the highest common divisor of 4 and 38.
2
What is the highest common divisor of 345 and 15?
15
What is the greatest common factor of 119 and 85?
17
Calculate the greatest common divisor of 3657 and 299.
23
What is the highest common divisor of 44 and 275?
11
Calculate the highest common factor of 3 and 9.
3
What is the greatest common factor of 494 and 26?
26
What is the greatest common factor of 3123 and 27?
9
Calculate the highest common divisor of 1248 and 144.
48
Calculate the greatest common divisor of 1272 and 1104.
24
What is the highest common factor of 56 and 128?
8
Calculate the highest common factor of 684 and 9.
9
Calculate the greatest common divisor of 236 and 649.
59
Calculate the greatest common factor of 2478 and 42.
42
What is the highest common divisor of 7 and 217?
7
Calculate the highest common divisor of 7 and 3.
1
Calculate the highest common factor of 6368 and 32.
32
What is the highest common divisor of 1036 and 224?
28
What is the highest common factor of 620 and 80?
20
Calculate the highest common divisor of 1362 and 30.
6
Calculate the greatest common factor of 342 and 36.
18
Calculate the greatest common factor of 243 and 21.
3
Calculate the greatest common divisor of 273 and 28.
7
Calculate the greatest common divisor of 15 and 60.
15
What is the highest common divisor of 4 and 144?
4
Calculate the greatest common divisor of 322 and 28.
14
What is the highest common divisor of 400 and 900?
100
What is the greatest common factor of 75 and 21765?
15
What is the greatest common factor of 52 and 2145?
13
What is the greatest common factor of 27 and 2133?
27
Calculate the greatest common divisor of 228 and 24.
12
Wh